{"id":213,"date":"2024-02-29T23:15:30","date_gmt":"2024-02-29T22:15:30","guid":{"rendered":"https:\/\/www.jesuscampus.de\/?page_id=213"},"modified":"2024-03-01T02:58:19","modified_gmt":"2024-03-01T01:58:19","slug":"impressum","status":"publish","type":"page","link":"https:\/\/www.jesuscampus.de\/?page_id=213","title":{"rendered":"Impressum"},"content":{"rendered":"\n<p>Grafenberger Allee 51-55<br>40237 D\u00fcsseldorf<br>Tel. +49 211 9660855 <\/p>\n\n\n<p>E-mail: jesuscampus@jesuscampus.de<\/p>\n\n\n<p>Vertretungsberechtigt: Andr\u00e9 Ribeiro<\/p>\n\n\n<p>E-mail: academic.a.ribeiro@gmail.com<\/p>\n\n\n<p>Inhaltlich verantwortlich: Andr\u00e9 Ribeiro<\/p>\n\n\n<p>Bildnachweise: https:\/\/www.canva.com\/de_de\/richtlinien\/free-media\/#<\/p>\n","protected":false},"excerpt":{"rendered":"<p>Grafenberger Allee 51-5540237 D\u00fcsseldorfTel. +49 211 9660855 E-mail: jesuscampus@jesuscampus.de Vertretungsberechtigt: Andr\u00e9 Ribeiro E-mail: academic.a.ribeiro@gmail.com Inhaltlich verantwortlich: Andr\u00e9 Ribeiro Bildnachweise: https:\/\/www.canva.com\/de_de\/richtlinien\/free-media\/#<\/p>\n","protected":false},"author":1,"featured_media":0,"parent":2,"menu_order":0,"comment_status":"closed","ping_status":"closed","template":"","meta":{"footnotes":""},"class_list":["post-213","page","type-page","status-publish","hentry"],"yoast_head":"<!-- This site is optimized with the Yoast SEO plugin v22.2 - https:\/\/yoast.com\/wordpress\/plugins\/seo\/ -->\r\n<title>Impressum - Jesus Campus<\/title>\r\n<meta name=\"robots\" content=\"noindex, nofollow\" \/>\r\n<meta property=\"og:locale\" content=\"en_US\" \/>\r\n<meta property=\"og:type\" content=\"article\" \/>\r\n<meta property=\"og:title\" content=\"Impressum - Jesus Campus\" \/>\r\n<meta property=\"og:description\" content=\"Grafenberger Allee 51-5540237 D\u00fcsseldorfTel. +49 211 9660855 E-mail: jesuscampus@jesuscampus.de Vertretungsberechtigt: Andr\u00e9 Ribeiro E-mail: academic.a.ribeiro@gmail.com Inhaltlich verantwortlich: Andr\u00e9 Ribeiro Bildnachweise: https:\/\/www.canva.com\/de_de\/richtlinien\/free-media\/#\" \/>\r\n<meta property=\"og:url\" content=\"https:\/\/www.jesuscampus.de\/?page_id=213\" \/>\r\n<meta property=\"og:site_name\" content=\"Jesus Campus\" \/>\r\n<meta property=\"article:modified_time\" content=\"2024-03-01T01:58:19+00:00\" \/>\r\n<meta name=\"twitter:card\" content=\"summary_large_image\" \/>\r\n<meta name=\"twitter:label1\" content=\"Est. reading time\" \/>\n\t<meta name=\"twitter:data1\" content=\"1 minute\" \/>\r\n<script type=\"application\/ld+json\" class=\"yoast-schema-graph\">{\"@context\":\"https:\/\/schema.org\",\"@graph\":[{\"@type\":\"WebPage\",\"@id\":\"https:\/\/www.jesuscampus.de\/?page_id=213\",\"url\":\"https:\/\/www.jesuscampus.de\/?page_id=213\",\"name\":\"Impressum - Jesus Campus\",\"isPartOf\":{\"@id\":\"https:\/\/www.jesuscampus.de\/#website\"},\"datePublished\":\"2024-02-29T22:15:30+00:00\",\"dateModified\":\"2024-03-01T01:58:19+00:00\",\"breadcrumb\":{\"@id\":\"https:\/\/www.jesuscampus.de\/?page_id=213#breadcrumb\"},\"inLanguage\":\"en-US\",\"potentialAction\":[{\"@type\":\"ReadAction\",\"target\":[\"https:\/\/www.jesuscampus.de\/?page_id=213\"]}]},{\"@type\":\"BreadcrumbList\",\"@id\":\"https:\/\/www.jesuscampus.de\/?page_id=213#breadcrumb\",\"itemListElement\":[{\"@type\":\"ListItem\",\"position\":1,\"name\":\"Home\",\"item\":\"https:\/\/www.jesuscampus.de\/\"},{\"@type\":\"ListItem\",\"position\":2,\"name\":\"Jesus Campus Team\",\"item\":\"https:\/\/www.jesuscampus.de\/\"},{\"@type\":\"ListItem\",\"position\":3,\"name\":\"Impressum\"}]},{\"@type\":\"WebSite\",\"@id\":\"https:\/\/www.jesuscampus.de\/#website\",\"url\":\"https:\/\/www.jesuscampus.de\/\",\"name\":\"Jesus Campus\",\"description\":\"Studentenbewegung\",\"publisher\":{\"@id\":\"https:\/\/www.jesuscampus.de\/#organization\"},\"potentialAction\":[{\"@type\":\"SearchAction\",\"target\":{\"@type\":\"EntryPoint\",\"urlTemplate\":\"https:\/\/www.jesuscampus.de\/?s={search_term_string}\"},\"query-input\":\"required name=search_term_string\"}],\"inLanguage\":\"en-US\"},{\"@type\":\"Organization\",\"@id\":\"https:\/\/www.jesuscampus.de\/#organization\",\"name\":\"Jesus Campus\",\"url\":\"https:\/\/www.jesuscampus.de\/\",\"logo\":{\"@type\":\"ImageObject\",\"inLanguage\":\"en-US\",\"@id\":\"https:\/\/www.jesuscampus.de\/#\/schema\/logo\/image\/\",\"url\":\"https:\/\/www.jesuscampus.de\/wp-content\/uploads\/2023\/11\/cropped-cropped-JC-Website-logo-1.png\",\"contentUrl\":\"https:\/\/www.jesuscampus.de\/wp-content\/uploads\/2023\/11\/cropped-cropped-JC-Website-logo-1.png\",\"width\":150,\"height\":150,\"caption\":\"Jesus Campus\"},\"image\":{\"@id\":\"https:\/\/www.jesuscampus.de\/#\/schema\/logo\/image\/\"}}]}<\/script>\r\n<!-- \/ Yoast SEO plugin. -->","yoast_head_json":{"title":"Impressum - Jesus Campus","robots":{"index":"noindex","follow":"nofollow"},"og_locale":"en_US","og_type":"article","og_title":"Impressum - Jesus Campus","og_description":"Grafenberger Allee 51-5540237 D\u00fcsseldorfTel. +49 211 9660855 E-mail: jesuscampus@jesuscampus.de Vertretungsberechtigt: Andr\u00e9 Ribeiro E-mail: academic.a.ribeiro@gmail.com Inhaltlich verantwortlich: Andr\u00e9 Ribeiro Bildnachweise: https:\/\/www.canva.com\/de_de\/richtlinien\/free-media\/#","og_url":"https:\/\/www.jesuscampus.de\/?page_id=213","og_site_name":"Jesus Campus","article_modified_time":"2024-03-01T01:58:19+00:00","twitter_card":"summary_large_image","twitter_misc":{"Est. reading time":"1 minute"},"schema":{"@context":"https:\/\/schema.org","@graph":[{"@type":"WebPage","@id":"https:\/\/www.jesuscampus.de\/?page_id=213","url":"https:\/\/www.jesuscampus.de\/?page_id=213","name":"Impressum - Jesus Campus","isPartOf":{"@id":"https:\/\/www.jesuscampus.de\/#website"},"datePublished":"2024-02-29T22:15:30+00:00","dateModified":"2024-03-01T01:58:19+00:00","breadcrumb":{"@id":"https:\/\/www.jesuscampus.de\/?page_id=213#breadcrumb"},"inLanguage":"en-US","potentialAction":[{"@type":"ReadAction","target":["https:\/\/www.jesuscampus.de\/?page_id=213"]}]},{"@type":"BreadcrumbList","@id":"https:\/\/www.jesuscampus.de\/?page_id=213#breadcrumb","itemListElement":[{"@type":"ListItem","position":1,"name":"Home","item":"https:\/\/www.jesuscampus.de\/"},{"@type":"ListItem","position":2,"name":"Jesus Campus Team","item":"https:\/\/www.jesuscampus.de\/"},{"@type":"ListItem","position":3,"name":"Impressum"}]},{"@type":"WebSite","@id":"https:\/\/www.jesuscampus.de\/#website","url":"https:\/\/www.jesuscampus.de\/","name":"Jesus Campus","description":"Studentenbewegung","publisher":{"@id":"https:\/\/www.jesuscampus.de\/#organization"},"potentialAction":[{"@type":"SearchAction","target":{"@type":"EntryPoint","urlTemplate":"https:\/\/www.jesuscampus.de\/?s={search_term_string}"},"query-input":"required name=search_term_string"}],"inLanguage":"en-US"},{"@type":"Organization","@id":"https:\/\/www.jesuscampus.de\/#organization","name":"Jesus Campus","url":"https:\/\/www.jesuscampus.de\/","logo":{"@type":"ImageObject","inLanguage":"en-US","@id":"https:\/\/www.jesuscampus.de\/#\/schema\/logo\/image\/","url":"https:\/\/www.jesuscampus.de\/wp-content\/uploads\/2023\/11\/cropped-cropped-JC-Website-logo-1.png","contentUrl":"https:\/\/www.jesuscampus.de\/wp-content\/uploads\/2023\/11\/cropped-cropped-JC-Website-logo-1.png","width":150,"height":150,"caption":"Jesus Campus"},"image":{"@id":"https:\/\/www.jesuscampus.de\/#\/schema\/logo\/image\/"}}]}},"jetpack_sharing_enabled":true,"_links":{"self":[{"href":"https:\/\/www.jesuscampus.de\/index.php?rest_route=\/wp\/v2\/pages\/213","targetHints":{"allow":["GET"]}}],"collection":[{"href":"https:\/\/www.jesuscampus.de\/index.php?rest_route=\/wp\/v2\/pages"}],"about":[{"href":"https:\/\/www.jesuscampus.de\/index.php?rest_route=\/wp\/v2\/types\/page"}],"author":[{"embeddable":true,"href":"https:\/\/www.jesuscampus.de\/index.php?rest_route=\/wp\/v2\/users\/1"}],"replies":[{"embeddable":true,"href":"https:\/\/www.jesuscampus.de\/index.php?rest_route=%2Fwp%2Fv2%2Fcomments&post=213"}],"version-history":[{"count":4,"href":"https:\/\/www.jesuscampus.de\/index.php?rest_route=\/wp\/v2\/pages\/213\/revisions"}],"predecessor-version":[{"id":231,"href":"https:\/\/www.jesuscampus.de\/index.php?rest_route=\/wp\/v2\/pages\/213\/revisions\/231"}],"up":[{"embeddable":true,"href":"https:\/\/www.jesuscampus.de\/index.php?rest_route=\/wp\/v2\/pages\/2"}],"wp:attachment":[{"href":"https:\/\/www.jesuscampus.de\/index.php?rest_route=%2Fwp%2Fv2%2Fmedia&parent=213"}],"curies":[{"name":"wp","href":"https:\/\/api.w.org\/{rel}","templated":true}]}}